{"id":88,"date":"2023-04-10T16:34:53","date_gmt":"2023-04-10T13:34:53","guid":{"rendered":"https:\/\/www.ankakits.com\/online-satin-al\/?page_id=88"},"modified":"2023-04-10T16:34:53","modified_gmt":"2023-04-10T13:34:53","slug":"degisim-ve-iade","status":"publish","type":"page","link":"https:\/\/www.ankakits.com\/online-satin-al\/degisim-ve-iade\/","title":{"rendered":"De\u011fi\u015fim ve \u0130ade"},"content":{"rendered":"<h1 class=\"wp-block-heading\">De\u011fi\u015fim ve \u0130ade<\/h1><p><strong>De\u011fi\u015fim<\/strong><\/p><p><br>\u00dcr\u00fcn kutusu ve\/veya naylonu a\u00e7\u0131ld\u0131\u011f\u0131 takdirde, ki\u015fisel kullan\u0131ml\u0131 ve koruyucu s\u0131n\u0131f\u0131ta olan (hijyen kiti ve muhteviyat\u0131 vb. gibi) \u00fcr\u00fcnlerin de\u011fi\u015fimi m\u00fcmk\u00fcn olamamaktad\u0131r.<\/p><p><strong>\u0130ade Ko\u015fullar\u0131<\/strong><\/p><p><br>Ald\u0131\u011f\u0131n\u0131z her \u00fcr\u00fcn, \u00fcretici firmas\u0131n\u0131n garantisi alt\u0131ndad\u0131r.<\/p><p>Alm\u0131\u015f oldu\u011funuz \u00fcr\u00fcn\u00fcn\u00fc ambalaj\u0131n\u0131 a\u00e7madan\/tahrip etmeden\/bozmadan, \u00fcr\u00fcn\u00fc kullanmadan teslim tarihinden itibaren yedi (7) g\u00fcnl\u00fck s\u00fcre i\u00e7inde teslim ald\u0131\u011f\u0131n\u0131z \u015fekli ile iade edebilirsiniz. \u00dcr\u00fcn\u00fc, \u00fcr\u00fcn faturas\u0131, sipari\u015f numar\u0131n\u0131z\u0131da i\u00e7eren bir dilek\u00e7e veya iade formu ile iade ediniz.<\/p><p>Sevkiyat s\u0131ras\u0131nda zarar g\u00f6rd\u00fc\u011f\u00fcn\u00fc d\u00fc\u015f\u00fcnd\u00fc\u011f\u00fcn\u00fcz paketleri teslim ald\u0131\u011f\u0131n\u0131z firma yetkilisi \u00f6n\u00fcnde a\u00e7\u0131p kontrol ediniz. E\u011fer \u00fcr\u00fcnde herhangi bir zarar varsa kargo firmas\u0131na tutanak tuttururarak \u00fcr\u00fcn\u00fc teslim almay\u0131n\u0131z. \u00dcr\u00fcn teslim al\u0131nd\u0131ktan sonra kargo firmas\u0131n\u0131n g\u00f6revini tam olarak yerine getirdi\u011fini kabul etmi\u015f oldu\u011funuzu unutmay\u0131n\u0131z<\/p><p>Ambalaj\u0131 a\u00e7\u0131lm\u0131\u015f, kullan\u0131lm\u0131\u015f, tahrip edilmi\u015f vesair \u015fekildeki \u00fcr\u00fcnlerin iadesi kabul edilmez.<\/p><p>M\u00fc\u015fteri \u00fcr\u00fcn\u00fc, kendisine teslim edildi\u011fi andaki durumu ile geri vermekle ve kullan\u0131m s\u00f6z konusu ise kullanma dolay\u0131s\u0131yla mal\u0131n ticari de\u011ferindeki kayb\u0131 tazminle y\u00fck\u00fcml\u00fcd\u00fcr<\/p><p>M\u00fc\u015fterinin \u00fcr\u00fcn\u00fc iade etmesi veya al\u0131\u015fveri\u015finden caymas\u0131 halinde, iade edilen \u00fcr\u00fcn Bize ula\u015ft\u0131\u011f\u0131 andan itibaren yedi (7) g\u00fcn i\u00e7erisinde \u00fcr\u00fcn bedeli iade edilir. Kredi kart\u0131na \u00fcr\u00fcn iade bedeli bankan\u0131z taraf\u0131ndan 2-6 hafta aras\u0131nda yap\u0131lmaktad\u0131r. Bu s\u00fcrede firmam\u0131z\u0131n tasarrufu bulunmamaktad\u0131r.<\/p><p>\u00dcr\u00fcnde ve ambalaj\u0131nda herhangi bir a\u00e7\u0131lma, bozulma, k\u0131r\u0131lma, tahrip, y\u0131rt\u0131lma, kullan\u0131lma ve sair durumlar\u0131 tespit etti\u011fi hallerde ve \u00fcr\u00fcn\u00fcn m\u00fc\u015fteriye teslim edildi\u011fi andaki hali ile iade edilememesi halinde \u00fcr\u00fcn\u00fc iade almayacak ve bedelini iade etmeyecektir.<\/p><p>\u00dcr\u00fcn m\u00fc\u015fteriye ula\u015ft\u0131ktan sonra ortaya \u00e7\u0131kabilecek ar\u0131zalar i\u00e7in, \u00fcretici firman\u0131n yetkili servislerine ba\u015fvurulmal\u0131d\u0131r.<\/p><p>Yukar\u0131daki \u015fartlara uygun hallerde iade edilen \u00fcr\u00fcnlerde kargo \u00fccreti m\u00fc\u015fteri taraf\u0131ndan \u00f6denecektir..<\/p><p>Havale iadeleri 2 i\u015f g\u00fcn\u00fc i\u00e7inde Kredi Kart\u0131 iadeleri 3 i\u015f g\u00fcn\u00fc i\u00e7inde yap\u0131lacakt\u0131r. Bankan\u0131z kredi kart\u0131 iadelerini ayn\u0131 g\u00fcn hesab\u0131n\u0131za yans\u0131tmayabilir. Bu durumda bankan\u0131z\u0131n kredi kart\u0131 servisini araman\u0131z gereklidir. Sipari\u015finizle ilgili \u201c\u0130ptal Edildi\u201d uyar\u0131s\u0131 \u00e7\u0131kt\u0131ktan sonra t\u00fcm bedel** kredi kart\u0131n\u0131za veya havale yapt\u0131\u011f\u0131n\u0131z bankan\u0131za iade edilmektedir. Taksitli sat\u0131\u015flarda yap\u0131lan iadeler bankan\u0131z taraf\u0131ndan kredi kart\u0131n\u0131za her ay art\u0131 bakiye olarak yans\u0131t\u0131lmaktad\u0131r. *Sipari\u015finizin kargoya teslim edilmeden \u00f6nce iptal edilmesi durumunda \u00f6denen t\u00fcm tutar m\u00fc\u015fteriye iade edilir.<\/p><p>** Sipari\u015finizi teslim ald\u0131ktan sonra iptali durumunda kargo \u00fccretleri d\u00fc\u015f\u00fcld\u00fckten sonra kalan tutar m\u00fc\u015fteriye iade edilir.<\/p>","protected":false},"excerpt":{"rendered":"<p>De\u011fi\u015fim ve \u0130ade De\u011fi\u015fim \u00dcr\u00fcn kutusu ve\/veya naylonu a\u00e7\u0131ld\u0131\u011f\u0131 takdirde, ki\u015fisel kullan\u0131ml\u0131 ve koruyucu s\u0131n\u0131f\u0131ta olan (hijyen kiti ve muhteviyat\u0131 vb. gibi) \u00fcr\u00fcnlerin de\u011fi\u015fimi m\u00fcmk\u00fcn olamamaktad\u0131r. \u0130ade Ko\u015fullar\u0131 Ald\u0131\u011f\u0131n\u0131z her \u00fcr\u00fcn, \u00fcretici firmas\u0131n\u0131n garantisi alt\u0131ndad\u0131r. Alm\u0131\u015f oldu\u011funuz \u00fcr\u00fcn\u00fcn\u00fc ambalaj\u0131n\u0131 a\u00e7madan\/tahrip etmeden\/bozmadan, \u00fcr\u00fcn\u00fc kullanmadan teslim tarihinden itibaren yedi (7) g\u00fcnl\u00fck s\u00fcre i\u00e7inde teslim ald\u0131\u011f\u0131n\u0131z \u015fekli ile [&hellip;]<\/p>\n","protected":false},"author":1,"featured_media":0,"parent":0,"menu_order":0,"comment_status":"closed","ping_status":"closed","template":"","meta":{"footnotes":""},"class_list":["post-88","page","type-page","status-publish","hentry"],"_links":{"self":[{"href":"https:\/\/www.ankakits.com\/online-satin-al\/wp-json\/wp\/v2\/pages\/88","targetHints":{"allow":["GET"]}}],"collection":[{"href":"https:\/\/www.ankakits.com\/online-satin-al\/wp-json\/wp\/v2\/pages"}],"about":[{"href":"https:\/\/www.ankakits.com\/online-satin-al\/wp-json\/wp\/v2\/types\/page"}],"author":[{"embeddable":true,"href":"https:\/\/www.ankakits.com\/online-satin-al\/wp-json\/wp\/v2\/users\/1"}],"replies":[{"embeddable":true,"href":"https:\/\/www.ankakits.com\/online-satin-al\/wp-json\/wp\/v2\/comments?post=88"}],"version-history":[{"count":1,"href":"https:\/\/www.ankakits.com\/online-satin-al\/wp-json\/wp\/v2\/pages\/88\/revisions"}],"predecessor-version":[{"id":89,"href":"https:\/\/www.ankakits.com\/online-satin-al\/wp-json\/wp\/v2\/pages\/88\/revisions\/89"}],"wp:attachment":[{"href":"https:\/\/www.ankakits.com\/online-satin-al\/wp-json\/wp\/v2\/media?parent=88"}],"curies":[{"name":"wp","href":"https:\/\/api.w.org\/{rel}","templated":true}]}}